386 = 0. Suppose 215 + 136 = 3*n. What is the remainder when n is divided by y?
18
Suppose 5 = 5*y + 20. Let c = 157 + -126. Calculate the remainder when c is divided by y/(-6)*(-1 + 35).
14
Suppose -y + 4*a + 1377 = 211, 0 = 3*y + 5*a - 3583. What is the remainder when y is divided by 36?
34
Let p = 2847 + -2840. Calculate the remainder when 118 is divided by p.
6
Suppose 4*h + 6 - 58 = 0. Suppose h*r - 10*r = 75. Suppose -r*d - 248 = -29*d. Calculate the remainder when d is divided by 33.
29
Let t(q) = -40*q + 5884. What is the remainder when t(131) is divided by 79?
12
Suppose 5 = -i + 23. Suppose -116 = -19*y + 93. Calculate the remainder when i is divided by y.
7
Suppose 0 = -11*n - 6*n + 457 - 202. Calculate the remainder when n is divided by (91/(-28))/(2/(-8)).
2
Let z = -120 + 120. Suppose 5*t - 49 = -2*k - z*t, -3*k + 3*t = -42. What is the remainder when 185 is divided by k?
15
Suppose 5*r + 4*q - 3038 = 0, r + 4*q - 492 = 106. Calculate the remainder when r is divided by 250.
110
Suppose -k = 2*k - 9, -4*q - 9 = -3*k. Suppose 4*a = -5*p - 42, 3 = p - q*a - 3*a. Calculate the remainder when 80 is divided by (-1)/p*4 - 158/(-6).
26
Suppose -3*x = -15, -6*r - 5*x = -9*r + 536. Let c = r - 124. What is the remainder when c is divided by 22?
19
Let w be 1/(-2)*0*4/52. Suppose w = -0*v - 3*v + 5*q + 34, -44 = -2*v - 2*q. What is the remainder when 107 is divided by v?
17
Let j(w) = 19*w**3 + 4*w**2 - w - 2. Let n = 202 - 201. What is the remainder when 34 is divided by j(n)?
14
Let m = -29764 - -31856. What is the remainder when m is divided by 83?
17
Let t(p) = 108*p**2 + 4*p - 1. Let r(b) = b**3 - 2*b**2 - 42*b + 123. Calculate the remainder when t(1) is divided by r(3).
3
Suppose -3*g + 27 = -24. Suppose g*a - 3 = 16*a. Suppose -35 = -2*b + a. What is the remainder when 50 is divided by b?
12
Suppose 173*t - 170*t = 171. Suppose -l = 4*v - 70, -3*v = -11*l + 14*l - t. What is the remainder when 169 is divided by v?
16
Let u(r) = 3*r**2 + 3*r - 3. Let b(i) = 2*i**2 - i - 1. Let l be b(-1). Let s = -1462065 + 1462118. Calculate the remainder when s is divided by u(l).
8
Suppose 4*o - 33 = 23. What is the remainder when ((-189)/o + 10)*-2*1 is divided by 0/(-1) - (-3 + 1)?
1
Let c = -18 - -54. Let l(k) = 139*k**2 - 2*k - 9. Let j be l(-4). What is the remainder when (-2)/(-14) - j/(-21) is divided by c?
34
Let g(b) = b**3 + 73*b**2 + 256*b - 208. Calculate the remainder when g(-69) is divided by 20.
12
Let a = -670 - -1078. Let x = -284 + a. Suppose -x = 24*h - 28*h. What is the remainder when 121 is divided by h?
28
Let j(t) be the second derivative of t**3/6 + t**2/2 + t. Let z be j(-4). Let n = 4 - z. What is the remainder when 8 is divided by n?
1
Suppose 44*w - 30*w - 180 = -40. What is the remainder when 2169 is divided by w?
9
Let a(y) = y**3 + 9*y**2 - 20*y - 71. What is the remainder when 1/(((-2)/(-218))/(6 - 5)) is divided by a(-10)?
22
Let i = -91 + 127. Suppose -5*b = 2*h - 3, -i = -7*h + 2*h - 3*b. Let k(l) = -l**3 + 7*l**2 + 1. What is the remainder when k(5) is divided by h?
6
Suppose h + 40 = -5*x, -8*h + 13*h + 2*x = -108. What is the remainder when 50 is divided by (h/3)/(26/(-117))?
20
Let q be (6/(36/10))/(3/9). Suppose q*f - 140 = 5. Calculate the remainder when f is divided by 3.
2
Let y = 442 + -450. Let i(r) be the third derivative of r**5/60 + 7*r**4/24 + 4*r**3/3 - 2*r**2. What is the remainder when 46 is divided by i(y)?
14
Let k(o) = -2*o + 46. Let b(s) = s**3 + 9*s**2 - 26*s - 35. Let m be b(-11). Calculate the remainder when 52 is divided by k(m).
24
Let c(h) be the second derivative of h**4/12 + h**3/6 + h**2 - 15*h. Let i be c(3). Suppose v + i - 89 = 0. What is the remainder when v is divided by 38?
37
Let h(s) = 9*s**2 - 21*s + 25. What is the remainder when 169 is divided by h(2)?
17
Let j(p) = 2*p**2 - 8*p + 10. Let k be j(3). Let q(r) = -2*r**3 + 5*r**2 - 9. Let i be q(k). Let v = 84 + i. Calculate the remainder when v is divided by 6.
3
Suppose 3*a + 3824 = 2*p, -5*p + 113*a + 9541 = 115*a. What is the remainder when p is divided by 39?
37
Let k be 2760/84 - ((-24)/21 + 1). Suppose -5*u + 31*r + 120 = k*r, -2*u - r = -48. Calculate the remainder when 30 is divided by u.
6
Suppose -g - 2*g = -5*f - 131, -5*g = 2*f - 239. Suppose -61*i = -62*i - g. Let x = i + 52. Calculate the remainder when 9 is divided by x.
4
Suppose 844 = 121*a + 54 - 1267. Let f = 2 - -223. Suppose -70 - f = -5*h + 4*l, 2*h = -4*l + 146. What is the remainder when h is divided by a?
12
Let a(k) = -k**2 + 134*k - 2004. Calculate the remainder when a(112) is divided by 10.
0
Let k be -4*(-2)/(-4) + 138. Let w = 190 - k. Calculate the remainder when w is divided by ((-240)/36)/((-28)/63).
9
Let a(p) = 11*p**3 + 8*p - 20. Suppose 0 = 11*n + 27*n - 76. Calculate the remainder when a(n) is divided by 18.
12
Suppose -2*n = -p - 64, -5*n - 5*p = -44 - 101. Suppose -5*o + u + 596 = 3*u, -3*o - 4*u = -352. What is the remainder when o is divided by n?
27
Let p be 2/5 + (-4)/10. Let w(i) = -i**2 + 11. Let m = 5067 + -5036. What is the remainder when m is divided by w(p)?
9
Let a(g) = 2*g**2 - 39*g + 69. What is the remainder when 224 is divided by a(18)?
14
Let g(z) = 52*z - 252. What is the remainder when g(6) is divided by 4?
0
Calculate the remainder when 211 is divided by (80/(-100))/(2/(-235)).
23
Let p be (7 + (-288)/40)*-535. What is the remainder when (-20)/(-90) + 22*p/18 is divided by 11?
10
Suppose -10*r + 22*r + 1158 = 18*r. What is the remainder when r is divided by 87?
19
Suppose j - 10 = -y, 817*y = 817*y + 4*j + 32. Suppose -2*v = -3*u - 31, 4*v = 2*u + 57 + 17. Calculate the remainder when v is divided by y.
2
Suppose 4*z - 4*q - 15 = 33, -5*z + 54 = -2*q. Suppose z*j - 2082 - 4718 = 0. Suppose -j = -16*i - i. What is the remainder when 115 is divided by i?
35
What is the remainder when (53510/(-175))/(2/(-5)) + (-6)/14 is divided by 34?
16
Let h = 3658 + -2142. What is the remainder when h is divided by 152?
148
Suppose 0 = 5*m - 2*k - 231, m - 225 = -4*m + 5*k. Calculate the remainder when m is divided by 18.
11
Let b be (-112)/(-49) - 2/7. Suppose 5*p - 14 = 6*p - 4*j, -5*p - b*j = -18. Calculate the remainder when 14 is divided by (-6)/((-6)/5) + p + 1.
6
Suppose 0 = -17*z + 5015 - 731. What is the remainder when z is divided by (-702)/(-11) - 60/(-330)?
60
Let r = 406 - 388. What is the remainder when 233 is divided by (r/5)/(12/60)?
17
Let w = -132376 + 132386. Suppose 4*j = 6*j - 6. Calculate the remainder when w is divided by j.
1
Let q(d) = d**2 + 2*d + 11. What is the remainder when q(9) is divided by (-2 - 0/(-4)) + 20 + -4?
12
Let c = -89 - -91. Suppose -5*f - v + 307 = -2*v, 313 = 5*f + v. Calculate the remainder when f is divided by (-26)/((-5)/c - (-10)/20).
10
Let d = -4940 + 5011. What is the remainder when 1276 is divided by d?
69
Let s(z) = 17*z**2 - 10*z - 11. Let p be s(-2). Suppose 18*h - p*h + 5251 = 0. What is the remainder when 170 is divided by h?
81
Suppose -4*t = 16, -3*t = 5*h + t - 449. What is the remainder when h is divided by 54?
39
Suppose 8 = 2*j, -2*j + j + 364 = -2*x. Let g = -99 - x. What is the remainder when g is divided by 22?
15
Let j(z) = 5*z**2 - 26*z - 16. Let d(u) = 10*u**2 - 2*u + 3. Let o be d(1). Calculate the remainder when j(o) is divided by 76.
75
Calculate the remainder when 7105 is divided by ((-2)/(-3))/(39788/(-9954) + 1*4).
232
Suppose -27*a + 6 = -25*a. Let j = a - 1. Suppose -j*u + 13 + 7 = 0. Calculate the remainder when 39 is divided by u.
9
Let y(v) = 2*v**2 - 2. Suppose 0 = 34*q - 26*q - 8. What is the remainder when y(2) is divided by q?
0
Suppose -5*h + 2*h = -81. Suppose i = 2*n - 204, 5*i = 2*n - 5*n + 332. What is the remainder when n is divided by h?
23
Suppose -1180 + 2081 = 24*i - 2003. What is the remainder when 1926 is divided by i?
111
What is the remainder when 440 is divided by 7455/(-1278)*2/5*-1*27?
62
Suppose -s - 7 = -10. Suppose -a + s = -117. Let f = 221 - a. What is the remainder when f is divided by 17?
16
Let s = -6041 + 6045. What is the remainder when 1834 is divided by s?
2
Let q = 173 + -173. Suppose -13*i + 641 + 139 = q. Calculate the remainder when i is divided by 19.
3
Let h(m) = -m**3 + 4*m**2 + 5*m + 2. Suppose 46 - 6 = 10*l